{"id":856,"date":"2019-05-21T08:28:32","date_gmt":"2019-05-21T06:28:32","guid":{"rendered":"http:\/\/www.gruene-durlach.de\/?page_id=856"},"modified":"2026-03-03T21:22:38","modified_gmt":"2026-03-03T20:22:38","slug":"vorstand-2","status":"publish","type":"page","link":"https:\/\/www.gruene-durlach.de\/?page_id=856","title":{"rendered":"Unsere Vorstandsmitglieder"},"content":{"rendered":"\n<p>Der Vorstand der Gr\u00fcnen in Durlach vertritt die Durlacher Gr\u00fcnen nach innen und au\u00dfen. Er wird alle zwei Jahre neu gew\u00e4hlt.  Die Durlacher Gr\u00fcnen haben zur Zeit f\u00fcnf Vorst\u00e4nde (vier allgemeine Vorst\u00e4nde und eine Schatzmeisterin).<\/p>\n\n\n\n<p><\/p>\n\n\n\n<h4 class=\"wp-block-heading\">Hans Markus Kasparek<\/h4>\n\n\n\n<p><em>Geboren 1961 in Braunschweig, verheiratet, drei erwachsene Kinder, sechs<br>Enkelkinder.<\/em><br>Zu den Gr\u00fcnen kam ich, als der Druck der innen- und au\u00dfenpolitischen<br>Herausforderungen f\u00fcr Deutschland gr\u00f6\u00dfer wurde und insbesondere der<br>rechtsextreme Rand st\u00e4rker und st\u00e4rker wurde. Im Ortsverband Durlach<br>gesellschaftliche Rahmenbedingungen mitzugestalten, ist f\u00fcr mich eine M\u00f6glichkeit,<br>Einfluss zu nehmen und so auf der Mikroebene Anst\u00f6\u00dfe und Ver\u00e4nderungen<br>m\u00f6glich zu machen.<\/p>\n\n\n\n<h4 class=\"wp-block-heading\">Ralf K\u00f6ster<\/h4>\n\n\n\n<p><em>Geboren 1961 in Karlsruhe, verheiratet, drei erwachsene Kinder, ein Enkelkind.<\/em><\/p>\n\n\n\n<p>Ich bin seit 1992 Mitglied bei den Gr\u00fcnen und war von 1994 bis 2014 Mitglied des Durlacher Ortschaftsrates.<\/p>\n\n\n\n<p>Seit meinem 18. Lebensjahr besch\u00e4ftige ich mich mit umweltfreundlicher Mobilit\u00e4t, w\u00e4hrend der Zeit im Ortschaftsrat kamen nach und nach noch alle Aspekte des Natur-und Landschaftsschutzes und der Schutz unserer Lebensgrundlagen hinzu. Sehr am Herzen liegt mir auch die soziale Gerechtigkeit mit allen Facetten, die Intergration jeder \/-es Einzelnen in die Gesellschaft ist heute wichtiger denn je. Hieraus kann ich immer noch genug Motivation sch\u00f6pfen um mich politisch zu engagieren.<\/p>\n\n\n\n<h4 class=\"wp-block-heading\">Steffi K\u00f6ster<\/h4>\n\n\n\n<p><em>Geboren 1966 in Karlsruhe, verheiratet, drei erwachsene Kinder, ein Enkelkind.<\/em><\/p>\n\n\n\n<p>Ich bin seit 2019 Mitglied bei den Gr\u00fcnen und wurde Ende 2019 von den Mitgliedern des Ortsverbandes Durlach als Nachfolgerin von Gerhard Stolz zur Kassenverwalterin gew\u00e4hlt.<\/p>\n\n\n\n<p>Mich haben die Demonstrationen von &#8222;Fridays for Future&#8220; so tief ber\u00fchrt, dass ich mich, auch im Hinblick auf die k\u00fcnftigen Generationen, dazu entschieden habe, selbst aktiv zu werden. Klimaschutz ist mein Herzensthema.<\/p>\n\n\n\n<h4 class=\"wp-block-heading\">Eva Rudolph<\/h4>\n\n\n\n<p><em>Geboren 1964 in Birkenfeld, verheiratet, eine Patchworkfamilie mit vier Kindern und vier Enkelkindern.<\/em><\/p>\n\n\n\n<p>Durch meine Familie und meine Arbeit als Lehrerin mit Kindern und Jugendlichen f\u00fchle ich mich der jungen Generation besonders verpflichtet, und m\u00f6chte mich nach Kr\u00e4ften f\u00fcr den Erhalt der menschlichen Lebensgrundlagen auf unserem Planeten einsetzen. Im lokalen Umfeld kann man viel bewirken \u2013 die Transformation muss ja auf allen Ebenen stattfinden. Doch die politisch Verantwortlichen m\u00fcssen den erforderlichen Rahmen schaffen. Mit meiner Mitarbeit im Vorstand m\u00f6chte ich die wichtige Arbeit der Fraktion der GR\u00dcNEN im Durlacher Ortschaftrat und die Partei auf Bundes- und Landesebene unterst\u00fctzen. Neben Klimaschutz, Klimagerechtigkeit und Bildung geh\u00f6rt auch die Entwicklungszusammenarbeit zu meinen Interessen. In Karlsruhe bin ich im Netzwerk Eine Welt und in der Agenda 21-Gruppe aktiv und engagiere mich f\u00fcr den Verein Jugendhilfe Ostafrika e.V.<\/p>\n\n\n\n<h4 class=\"wp-block-heading\">Lutz Thielmann<\/h4>\n\n\n\n<p><\/p>\n","protected":false},"excerpt":{"rendered":"<p>V. li. n. re: Lutz Thielmann, Stefanie K\u00f6ster, Dietmar Maier, Eva Rudolph, Ralf K\u00f6ster<\/p>\n","protected":false},"author":2,"featured_media":0,"parent":0,"menu_order":0,"comment_status":"closed","ping_status":"closed","template":"","meta":{"footnotes":""},"class_list":["post-856","page","type-page","status-publish","hentry"],"_links":{"self":[{"href":"https:\/\/www.gruene-durlach.de\/index.php?rest_route=\/wp\/v2\/pages\/856","targetHints":{"allow":["GET"]}}],"collection":[{"href":"https:\/\/www.gruene-durlach.de\/index.php?rest_route=\/wp\/v2\/pages"}],"about":[{"href":"https:\/\/www.gruene-durlach.de\/index.php?rest_route=\/wp\/v2\/types\/page"}],"author":[{"embeddable":true,"href":"https:\/\/www.gruene-durlach.de\/index.php?rest_route=\/wp\/v2\/users\/2"}],"replies":[{"embeddable":true,"href":"https:\/\/www.gruene-durlach.de\/index.php?rest_route=%2Fwp%2Fv2%2Fcomments&post=856"}],"version-history":[{"count":47,"href":"https:\/\/www.gruene-durlach.de\/index.php?rest_route=\/wp\/v2\/pages\/856\/revisions"}],"predecessor-version":[{"id":2398,"href":"https:\/\/www.gruene-durlach.de\/index.php?rest_route=\/wp\/v2\/pages\/856\/revisions\/2398"}],"wp:attachment":[{"href":"https:\/\/www.gruene-durlach.de\/index.php?rest_route=%2Fwp%2Fv2%2Fmedia&parent=856"}],"curies":[{"name":"wp","href":"https:\/\/api.w.org\/{rel}","templated":true}]}}