{"id":1821,"date":"2024-02-27T22:36:38","date_gmt":"2024-02-27T21:36:38","guid":{"rendered":"http:\/\/www.gruene-durlach.de\/?page_id=1821"},"modified":"2024-02-27T22:36:38","modified_gmt":"2024-02-27T21:36:38","slug":"durlach-leuchtet-fuer-die-demokratie-liedtexte","status":"publish","type":"page","link":"https:\/\/www.gruene-durlach.de\/?page_id=1821","title":{"rendered":"Durlach leuchtet f\u00fcr die Demokratie &#8211; Liedtexte"},"content":{"rendered":"\n<p><strong>I. Die Gedanken sind frei &#8211; politisches Volkslied aus dem 18. Jahrhundert; <\/strong> <strong>\u00dcberarbeitung Hoffmann von Fallersleben<\/strong><br><\/p>\n\n\n\n<ol class=\"wp-block-list\"><li>Die Gedanken sind frei,<br>wer kann sie erraten,<br>sie fliehen vorbei,<br>wie n\u00e4chtliche Schatten.<br>Kein Mensch kann sie wissen,<br>kein J\u00e4ger erschie\u00dfen.<br>Es bleibet dabei:<br>Die Gedanken sind frei.<\/li><\/ol>\n\n\n\n<p>2. Ich denke, was ich will,<br>und was mich begl\u00fccket,<br>doch alles in der Still,<br>und wie es sich schicket.<br>Mein Wunsch und Begehren<br>kann niemand verwehren,<br>es bleibet dabei:<br>die Gedanken sind frei.<\/p>\n\n\n\n<p>3. Ich liebe den Wein,<br>mein M\u00e4dchen vor allen,<br>sie tut mir allein<br>am besten gefallen.<br>Ich bin nicht alleine<br>bei meinem Glas Weine,<br>mein M\u00e4dchen dabei:<br>die Gedanken sind frei.<\/p>\n\n\n\n<p>4. Und sperrt man mich ein<br>im finsteren Kerker,<br>das alles sind rein<br>vergebliche Werke;<br>denn meine Gedanken<br>zerrei\u00dfen die Schranken<br>und Mauern entzwei:<br>die Gedanken sind frei.<\/p>\n\n\n\n<p>5. Drum will ich auf immer<br>den Sorgen entsagen<br>und will mich auch nimmer<br>mit Grillen mehr plagen.<br>Man kann ja im Herzen<br>stets lachen und scherzen<br>und denken dabei:<br>die Gedanken sind frei.<\/p>\n\n\n\n<p><strong>II. Hevenu Shalom Alechem (Friedenswunsch als Begr\u00fc\u00dfung)<\/strong><\/p>\n\n\n\n<p><strong>Hebr\u00e4isch<\/strong><\/p>\n\n\n\n<p>Hevenu shalom alechem,<br>Hevenu shalom alechem,<br>Hevenu shalom alechem,<br>Hevenu shalom alechem,<br>Shalom alechem.<\/p>\n\n\n\n<p><strong>Deutsch<\/strong><\/p>\n\n\n\n<p>Wir wollen Frieden f\u00fcr alle,<br>wir wollen Frieden f\u00fcr alle,<br>wir wollen Frieden f\u00fcr alle,<br>wir wollen Frieden, Frieden,<br>Frieden f\u00fcr die Welt.<\/p>\n\n\n\n<p><strong>Englisch<\/strong><\/p>\n\n\n\n<p>May there be peace in the world\u2026<br>peace, peace, peace, peace<br>all over the world.<\/p>\n\n\n\n<p><strong>Franz\u00f6sisch<\/strong><\/p>\n\n\n\n<p>Nous voulons paix pour le monde,<br>paix pour tout le monde.<\/p>\n\n\n\n<p><strong>Italienisch<\/strong><\/p>\n\n\n\n<p>Vogliamo pace per tutti,<br>pace per ogni.<\/p>\n\n\n\n<p>III. Imagine (John Lennon)<\/p>\n\n\n\n<p>Imagine there&#8217;s no heaven<br>It&#8217;s easy if you try<br>No hell below us<br>Above us only sky<br>Imagine all the people living for today<\/p>\n\n\n\n<p>Imagine there&#8217;s no countries<br>It isn&#8217;t hard to do<br>Nothing to kill or die for<br>And no religion too<br>Imagine all the people living life in peace<\/p>\n\n\n\n<p>You may say I&#8217;m a dreamer<br>But I&#8217;m not the only one<br>I hope some day you&#8217;ll join us<br>And the world will be as one<\/p>\n\n\n\n<p>Imagine no possessions<br>I wonder if you can<br>No need for greed or hunger<br>Our brotherhood of man<br>Imagine all the people sharing all the world, you<\/p>\n\n\n\n<p>You may say I&#8217;m a dreamer<br>But I&#8217;m not the only one<br>I hope some day you&#8217;ll join us<br>And the world will live as one<\/p>\n","protected":false},"excerpt":{"rendered":"<p>I. Die Gedanken sind frei &#8211; politisches Volkslied aus dem 18. Jahrhundert; \u00dcberarbeitung Hoffmann von Fallersleben Die Gedanken sind frei,wer kann sie erraten,sie fliehen vorbei,wie n\u00e4chtliche Schatten.Kein Mensch kann sie&#8230; <\/p>\n","protected":false},"author":4,"featured_media":0,"parent":0,"menu_order":0,"comment_status":"closed","ping_status":"closed","template":"","meta":{"footnotes":""},"class_list":["post-1821","page","type-page","status-publish","hentry"],"_links":{"self":[{"href":"https:\/\/www.gruene-durlach.de\/index.php?rest_route=\/wp\/v2\/pages\/1821","targetHints":{"allow":["GET"]}}],"collection":[{"href":"https:\/\/www.gruene-durlach.de\/index.php?rest_route=\/wp\/v2\/pages"}],"about":[{"href":"https:\/\/www.gruene-durlach.de\/index.php?rest_route=\/wp\/v2\/types\/page"}],"author":[{"embeddable":true,"href":"https:\/\/www.gruene-durlach.de\/index.php?rest_route=\/wp\/v2\/users\/4"}],"replies":[{"embeddable":true,"href":"https:\/\/www.gruene-durlach.de\/index.php?rest_route=%2Fwp%2Fv2%2Fcomments&post=1821"}],"version-history":[{"count":1,"href":"https:\/\/www.gruene-durlach.de\/index.php?rest_route=\/wp\/v2\/pages\/1821\/revisions"}],"predecessor-version":[{"id":1822,"href":"https:\/\/www.gruene-durlach.de\/index.php?rest_route=\/wp\/v2\/pages\/1821\/revisions\/1822"}],"wp:attachment":[{"href":"https:\/\/www.gruene-durlach.de\/index.php?rest_route=%2Fwp%2Fv2%2Fmedia&parent=1821"}],"curies":[{"name":"wp","href":"https:\/\/api.w.org\/{rel}","templated":true}]}}