{"id":1183,"date":"2021-04-27T19:28:48","date_gmt":"2021-04-27T17:28:48","guid":{"rendered":"http:\/\/www.gruene-durlach.de\/?page_id=1183"},"modified":"2022-06-05T18:54:08","modified_gmt":"2022-06-05T16:54:08","slug":"verkehr","status":"publish","type":"page","link":"https:\/\/www.gruene-durlach.de\/?page_id=1183","title":{"rendered":"Verkehr"},"content":{"rendered":"\n<p>Auf dieser Seite sind Verkehrsthemen in Durlach verlinkt.<\/p>\n\n\n\n<h3 class=\"wp-block-heading\"><a href=\"http:\/\/www.gruene-durlach.de\/?page_id=1414\" data-type=\"page\" data-id=\"1414\">Radverkehr<\/a><\/h3>\n\n\n\n<p>Radverkehr ist seit langem ein Dauerbrenner bei den Themen der Durlacher Gr\u00fcnen, ob es um die Einf\u00fchrung der City Route ging oder die Sicherheit von Radfahrenden im allgemeinen Stra\u00dfenverkehr.<\/p>\n\n\n\n<h3 class=\"wp-block-heading\"><a href=\"http:\/\/www.gruene-durlach.de\/?page_id=1186\" data-type=\"page\" data-id=\"1186\" target=\"_blank\" rel=\"noreferrer noopener\">Turmbergbahn<\/a><\/h3>\n\n\n\n<p>Seit der Verl\u00e4ngerung der Stra\u00dfenbahn in Durlach bis zur heutigen Endhaltestelle \u201cDurlach Turmberg\u201d im Jahr 1913 wurde die Verl\u00e4ngerung der damaligen \u201cThurmbergbahn\u201d zur Ankn\u00fcpfung an die Stra\u00dfenbahn diskutiert. Durch das Freihalten des Mittelstreifens auf der Bergbahnstra\u00dfe wurde das 1914 planerisch vorbereitet.<\/p>\n\n\n\n<h3 class=\"wp-block-heading\"><a href=\"http:\/\/www.gruene-durlach.de\/?page_id=1299\" data-type=\"page\" data-id=\"1299\" target=\"_blank\" rel=\"noreferrer noopener\">Fu\u00dfg\u00e4ngerzone<\/a><\/h3>\n\n\n\n<p>Die Durlacher Fu\u00dfg\u00e4ngerzone l\u00e4dt zum Bummeln und Verweilen ein mit ihren zahlreichen Cafes und h\u00fcbschen kleinen oder auch gr\u00f6\u00dferen Gesch\u00e4ften. Leider wird sie oft von Autofahrenden nicht respektiert; andererseits g\u00e4be es noch weitere Stra\u00dfen, die sich ebenfalls als Fu\u00dfg\u00e4ngerzone eignen w\u00fcrden.<\/p>\n","protected":false},"excerpt":{"rendered":"<p>Auf dieser Seite sind Verkehrsthemen in Durlach verlinkt. Radverkehr Radverkehr ist seit langem ein Dauerbrenner bei den Themen der Durlacher Gr\u00fcnen, ob es um die Einf\u00fchrung der City Route ging&#8230; <\/p>\n","protected":false},"author":2,"featured_media":0,"parent":0,"menu_order":0,"comment_status":"closed","ping_status":"closed","template":"","meta":{"footnotes":""},"class_list":["post-1183","page","type-page","status-publish","hentry"],"_links":{"self":[{"href":"https:\/\/www.gruene-durlach.de\/index.php?rest_route=\/wp\/v2\/pages\/1183","targetHints":{"allow":["GET"]}}],"collection":[{"href":"https:\/\/www.gruene-durlach.de\/index.php?rest_route=\/wp\/v2\/pages"}],"about":[{"href":"https:\/\/www.gruene-durlach.de\/index.php?rest_route=\/wp\/v2\/types\/page"}],"author":[{"embeddable":true,"href":"https:\/\/www.gruene-durlach.de\/index.php?rest_route=\/wp\/v2\/users\/2"}],"replies":[{"embeddable":true,"href":"https:\/\/www.gruene-durlach.de\/index.php?rest_route=%2Fwp%2Fv2%2Fcomments&post=1183"}],"version-history":[{"count":4,"href":"https:\/\/www.gruene-durlach.de\/index.php?rest_route=\/wp\/v2\/pages\/1183\/revisions"}],"predecessor-version":[{"id":1431,"href":"https:\/\/www.gruene-durlach.de\/index.php?rest_route=\/wp\/v2\/pages\/1183\/revisions\/1431"}],"wp:attachment":[{"href":"https:\/\/www.gruene-durlach.de\/index.php?rest_route=%2Fwp%2Fv2%2Fmedia&parent=1183"}],"curies":[{"name":"wp","href":"https:\/\/api.w.org\/{rel}","templated":true}]}}