{"id":105,"date":"2016-02-21T18:50:58","date_gmt":"2016-02-21T17:50:58","guid":{"rendered":"http:\/\/www.gruene-durlach.de\/?page_id=105"},"modified":"2026-04-14T21:29:00","modified_gmt":"2026-04-14T19:29:00","slug":"unsere-ortschaftsraete","status":"publish","type":"page","link":"https:\/\/www.gruene-durlach.de\/?page_id=105","title":{"rendered":"Unsere Ortschaftsr\u00e4te"},"content":{"rendered":"\n<p>&nbsp;<\/p>\n\n\n\n<p><\/p>\n\n\n\n<p><\/p>\n\n\n\n<figure class=\"wp-block-table\"><table class=\"has-fixed-layout\"><tbody><tr><td><figure><a class=\"fancybox\" rel=\"gallery105\" href=\"http:\/\/www.gruene-durlach.de\/wp-content\/uploads\/2019\/04\/DSC_5519_2-2.jpg\"><img loading=\"lazy\" decoding=\"async\" width=\"400\" height=\"400\" class=\"aligncenter  wp-image-797\" src=\"http:\/\/www.gruene-durlach.de\/wp-content\/uploads\/2019\/04\/DSC_5519_2-2-400x400.jpg\" alt=\"\" style=\"\" srcset=\"https:\/\/www.gruene-durlach.de\/wp-content\/uploads\/2019\/04\/DSC_5519_2-2-400x400.jpg 400w, https:\/\/www.gruene-durlach.de\/wp-content\/uploads\/2019\/04\/DSC_5519_2-2-150x150.jpg 150w, https:\/\/www.gruene-durlach.de\/wp-content\/uploads\/2019\/04\/DSC_5519_2-2-768x768.jpg 768w, https:\/\/www.gruene-durlach.de\/wp-content\/uploads\/2019\/04\/DSC_5519_2-2-800x800.jpg 800w, https:\/\/www.gruene-durlach.de\/wp-content\/uploads\/2019\/04\/DSC_5519_2-2.jpg 1843w\" sizes=\"auto, (max-width: 400px) 100vw, 400px\" \/><\/a><\/figure><\/td><td>\n<p><strong>Dr.&nbsp; rer. pol. Sonja Klingert, Mitglied Ausschuss f\u00fcr Planung, Bauwesen, Umwelt<br><\/strong>Geboren 1967, verheiratet, 3 erwachsene Kinder. Seit 2010 an der Uni Mannheim (Wirtschaftsinformatik,Schwerpunkt Energie). Ehrenamtlich fr\u00fcher bei terre des hommes, seit 2013 aktiv bei den Durlacher Gr\u00fcnen.In den 90ern habe ich am Wuppertalinstiut f\u00fcr Klima, Umwelt, Energie gearbeit und bin dort zu einer Zeit in die Klimadiskussion eingebunden worden, als man damit noch Au\u00dfenseiter war. Seither hat sich der Klimawandel nur beschleunigt. Ich bin davon \u00fcberzeugt, dass wir unseren Lebensstil ver\u00e4ndern m\u00fcssen, hin zu Qualit\u00e4t statt Quantit\u00e4t. Dazu braucht es Rahmenbedingungen, die \u00f6kologisches Handeln leicht und un\u00f6kologisches schwieriger machen. Noch ist es oft umgekehrt.In Durlach m\u00f6chte ich mich im Ortschaftsrat besonders f\u00fcr Energie und Verkehr einsetzen. Da sind wir schon auf einem guten Weg, aber es gibt noch einiges zu tun, zum Beispiel was die Radwegef\u00fchrung betrifft. Im Bereich Energie m\u00f6chte ich an einem Plan arbeiten, wie Durlach sich auf den Weg in eine CO2-neutrale Zukunft machen kann, und dabei eng mit dem Karlsruher Gemeinderat und den Stadtwerken zusammenarbeiten.Kontakt: sonja.klingert@or-durlach.karlsruhe.de<\/p>\n<\/td><\/tr><tr><td><img loading=\"lazy\" decoding=\"async\" width=\"400\" height=\"518\" class=\"wp-image-2510\" style=\"width: 400px;\" src=\"https:\/\/www.gruene-durlach.de\/wp-content\/uploads\/2026\/04\/dietmar-maier_Platz6-scaled-e1776194811618.jpg\" alt=\"\" srcset=\"https:\/\/www.gruene-durlach.de\/wp-content\/uploads\/2026\/04\/dietmar-maier_Platz6-scaled-e1776194811618.jpg 606w, https:\/\/www.gruene-durlach.de\/wp-content\/uploads\/2026\/04\/dietmar-maier_Platz6-scaled-e1776194811618-400x518.jpg 400w, https:\/\/www.gruene-durlach.de\/wp-content\/uploads\/2026\/04\/dietmar-maier_Platz6-scaled-e1776194811618-116x150.jpg 116w\" sizes=\"auto, (max-width: 400px) 100vw, 400px\" \/><\/td><td><strong>Dietmar Maier<\/strong>, <strong>Mitglied Ausschuss f\u00fcr Planung, Bauwesen, Umwelt<\/strong><br>Geboren 1965, verheiratet, 2 erwachsene Kinder. Dipl. Physiker, arbeitet als Verkehrsplaner beim Verkehrsverbund Rhein-Neckar, Ortschaftsrat von 2005 bis 2019 und 2025 wieder in den Ortschaftsrat nachger\u00fcckt.\u00a0<br>Mich erschreckt, dass viele Menschen angesichts der immer sichtbarer werdenden Ver\u00e4nderungsdrucks den Kopf in den Sand stecken und sich krampfhaft am Alten festhalten. \u201eMehr als die Vergangenheit interessiert mich die Zukunft, denn in ihr gedenke ich zu leben.\u201d sagte Albert Einstein. Ich will agieren statt reagieren. Seit vielen Jahren setze ich mich beruflich und auch ehrenamtlich daf\u00fcr ein, dass die Verkehrswende gelingt und wir umweltfreundlich mobil bleiben.\u00a0<br><strong><br><\/strong>Kontakt: dietmar.maier@or-durlach.karlsruhe.de<\/td><\/tr><tr><td><img loading=\"lazy\" decoding=\"async\" width=\"400\" height=\"562\" class=\"wp-image-2272\" style=\"width: 400px;\" src=\"https:\/\/www.gruene-durlach.de\/wp-content\/uploads\/2025\/01\/Karin_Portrait.jpg\" alt=\"\" srcset=\"https:\/\/www.gruene-durlach.de\/wp-content\/uploads\/2025\/01\/Karin_Portrait.jpg 203w, https:\/\/www.gruene-durlach.de\/wp-content\/uploads\/2025\/01\/Karin_Portrait-107x150.jpg 107w\" sizes=\"auto, (max-width: 400px) 100vw, 400px\" \/><\/td><td><strong><strong>Dr. Karin Mezger<br><\/strong><\/strong>Geboren 1955, verheiratet, 4 erwachsene S\u00f6hne, Frauen\u00e4rztin. Mit einem Blick auf die Gesundheit und Sicherheit der Menschen, Tiere und Pflanzen m\u00f6chte ich mich im Ortschaftsrat einbringen, um Durlach noch attraktiver zu gestalten.Damit die Innenstadt rund um den Schlossplatz mit Gesch\u00e4ften, Gastronomie, Schulen und Sehensw\u00fcrdigkeiten als Anziehungspunkt in der Region noch attraktiver wird, m\u00f6chte ich die Verkehrsanbindung verbessern und gleichzeitig Feinstaub und L\u00e4rm reduzieren. Durch den Klimawandel wird auch der Hitzeschutz f\u00fcr Durlacher Kinder und Seniorinnen und Senioren zu einer neuen Aufgabe, die ich angehen m\u00f6chte.Im Ehrenamt setze ich mich bereits als Kirchen\u00e4lteste in der Durlacher Stadtkirche unter anderem f\u00fcr ein Nachhaltigkeitskonzept f\u00fcr die Gemeinde ein. Auch das Thema Einsamkeit habe ich mit dem &#8222;Cafe Miteinander&#8220; im Blick und m\u00f6chte einen zwanglosen Ort f\u00fcr Begegnung schaffen.<br><p>Kontakt: karin.mezger@or-durlach.karlsruhe.de<\/p><\/td><\/tr><tr><td><figure><a class=\"fancybox\" rel=\"gallery105\" href=\"http:\/\/www.gruene-durlach.de\/wp-content\/uploads\/2019\/04\/DSC_5719-2-2.jpg\"><img loading=\"lazy\" decoding=\"async\" width=\"400\" height=\"400\" class=\"aligncenter wp-image-796\" src=\"http:\/\/www.gruene-durlach.de\/wp-content\/uploads\/2019\/04\/DSC_5719-2-2-400x400.jpg\" alt=\"\" style=\"\" srcset=\"https:\/\/www.gruene-durlach.de\/wp-content\/uploads\/2019\/04\/DSC_5719-2-2-400x400.jpg 400w, https:\/\/www.gruene-durlach.de\/wp-content\/uploads\/2019\/04\/DSC_5719-2-2-150x150.jpg 150w, https:\/\/www.gruene-durlach.de\/wp-content\/uploads\/2019\/04\/DSC_5719-2-2-768x768.jpg 768w, https:\/\/www.gruene-durlach.de\/wp-content\/uploads\/2019\/04\/DSC_5719-2-2-800x800.jpg 800w, https:\/\/www.gruene-durlach.de\/wp-content\/uploads\/2019\/04\/DSC_5719-2-2.jpg 1706w\" sizes=\"auto, (max-width: 400px) 100vw, 400px\" \/><\/a><\/figure><\/td><td><strong>Martin P\u00f6tzsche, <\/strong><strong>Fraktionsvorsitzender; stellvertretender Ortsvorsteher; Mitglied Ausschuss f\u00fcr Planung, Bauwesen, Umwelt; Friedhofspflege Durlach<br><\/strong>Das bin ich:&nbsp; Geboren in Karlsruhe 1963. 2 erwachsene Kinder. Beruf: Kaufm\u00e4nnischer Angestellter. Seit 2009 Ortschaftsrat und Sprecher der Fraktion. Verwaltungsratsmitglied Badisches Konservatorium, Betriebsrat. Seit 2014 stellvertretender Durlacher Ortsvorsteher.F\u00fcr mich liegt der Reiz der Kommunalpolitik darin, dass ich dort, wo ich lebe und wo meine Kinder, meine Partnerin und meine Freunde sind, unser Zusammenleben aktiv mitgestalten kann.In der Lokalpolitik kommt man mit einer Vielfalt von Menschen, Themen und Fragen in Kontakt. Und immer geht es darum: Etwas erkennen, verstehen, abw\u00e4gen, entscheiden und dann handeln. Mit Herz und Verstand. Vor allem mit Blick auf unsere Verantwortung den nachfolgenden Generationen gegen\u00fcber. Wir m\u00fcssen gesunde Lebensgrundlagen bewahren und ein soziales, solidarisches Karlsruhe gestalten.Die Einbindung vieler Interessens- und Bev\u00f6lkerungsgruppen ist mir hierbei sehr wichtig. Unser Zusammenleben als Gemeinschaft gelingt nur miteinander. Lokale Politik muss sich f\u00fcr die demokratische Mitwirkung der B\u00fcrger*innen weiter \u00f6ffnen und Entscheidungen transparent machen. Hieran m\u00f6chte ich gerne arbeiten. Meine Interessensgebiete sind: Die soziale Stadt, Stadtentwicklung und Sport.Kontakt: martin.poetzsche@or-durlach.karlsruhe.de<\/td><\/tr><tr><td><figure><a class=\"fancybox\" rel=\"gallery105\" href=\"http:\/\/www.gruene-durlach.de\/wp-content\/uploads\/2019\/04\/DSC_5648-2.jpg\"><img loading=\"lazy\" decoding=\"async\" width=\"400\" height=\"400\" class=\"aligncenter  wp-image-804\" src=\"http:\/\/www.gruene-durlach.de\/wp-content\/uploads\/2019\/04\/DSC_5648-2-400x400.jpg\" alt=\"\" style=\"\" srcset=\"https:\/\/www.gruene-durlach.de\/wp-content\/uploads\/2019\/04\/DSC_5648-2-400x400.jpg 400w, https:\/\/www.gruene-durlach.de\/wp-content\/uploads\/2019\/04\/DSC_5648-2-150x150.jpg 150w, https:\/\/www.gruene-durlach.de\/wp-content\/uploads\/2019\/04\/DSC_5648-2-768x768.jpg 768w, https:\/\/www.gruene-durlach.de\/wp-content\/uploads\/2019\/04\/DSC_5648-2-800x800.jpg 800w, https:\/\/www.gruene-durlach.de\/wp-content\/uploads\/2019\/04\/DSC_5648-2.jpg 1939w\" sizes=\"auto, (max-width: 400px) 100vw, 400px\" \/><\/a><\/figure><\/td><td><strong>Christina Stolz, stellvertretende Fraktionsvorsitzende, Mitglied im Kulturbeirat<br><\/strong>38 Jahre, Realschullehrerin, lebt mit Mann und 2 Kindern in Durlach. Durlach ist der Ort, in dem ich aufwuchs und in dem nun meine Kinder gro\u00df werden. Durlach ist f\u00fcr mich ein Ort, der neben dem ihm eigenen Charme viel Lebensqualit\u00e4t bietet. Durlach ist attraktiv \u2013 und soll es f\u00fcr alle bleiben. Als Lehrerin und Mutter zweier Kinder richtet sich mein Fokus besonders auf die Bed\u00fcrfnisse von Kindern und deren Familien. Die Bandbreite ist gro\u00df: \u00fcber sichere Schulwege, chancengleiche Bildungsm\u00f6glichkeiten, Teilhabe an Kultur, Sport- und Freizeitangeboten bis hin zu bezahlbarem Wohnraum. In der \u00dcberzeugung, dass auch kleine Entscheidungen und Taten Positives bewirken, m\u00f6chte ich mich im Ortschaftsrat f\u00fcr eine gute Zukunft Durlachs und aller Durlacher*innen engagieren.Kontakt: christina.stolz@or-durlach.karlsruhe.de<\/td><\/tr><tr><td><img loading=\"lazy\" decoding=\"async\" width=\"400\" height=\"292\" class=\"wp-image-2341\" style=\"width: 400px;\" src=\"https:\/\/www.gruene-durlach.de\/wp-content\/uploads\/2025\/05\/GabrielTessmer-Portraet-komp.jpeg\" alt=\"\" srcset=\"https:\/\/www.gruene-durlach.de\/wp-content\/uploads\/2025\/05\/GabrielTessmer-Portraet-komp.jpeg 1280w, https:\/\/www.gruene-durlach.de\/wp-content\/uploads\/2025\/05\/GabrielTessmer-Portraet-komp-400x292.jpeg 400w, https:\/\/www.gruene-durlach.de\/wp-content\/uploads\/2025\/05\/GabrielTessmer-Portraet-komp-800x583.jpeg 800w, https:\/\/www.gruene-durlach.de\/wp-content\/uploads\/2025\/05\/GabrielTessmer-Portraet-komp-768x560.jpeg 768w, https:\/\/www.gruene-durlach.de\/wp-content\/uploads\/2025\/05\/GabrielTessmer-Portraet-komp-150x109.jpeg 150w\" sizes=\"auto, (max-width: 400px) 100vw, 400px\" \/><\/td><td><strong>Gabriel Tessmer,&nbsp;Mitglied Ausschuss f\u00fcr Planung, Bauwesen, Umwelt; Sanierungsbeirat Durlach Stadteingang<\/strong><br>Ich wurde Ende 2005 in Karlsruhe geboren und bin seitdem in Durlach aufgewachsen. Aktuell studiere ich dual Wirtschaftsinformatik in Karlsruhe. <br><br>Seit 2024 bin ich Mitglied des Ortschaftsrats Durlach. Von 2023 bis 2025 war ich Mitglied des Vorstandes der Gr\u00fcnen Jugend Karlsruhe.<br><br>In der Kommunalpolitik besch\u00e4ftige ich mich haupts\u00e4chlich mit Stadtplanung, insbesondere der Klimaanpassung, sowie mit Verkehr, kommunalen Aspekten der Digitalisierung und dem Themenbereich Bauen und Wohnen.<br><br>Als Kommunalpolitiker ist es mir besonders wichtig, nah an den Menschen zu sein und einen gro\u00dfen Wert auf die zuk\u00fcnftige Lebensqualit\u00e4t aller Menschen in Durlach zu legen. Als j\u00fcngster Ortschaftsrat ist mir hierbei insbesondere das Einbeziehen aller Generationen wichtig, um eine sozial gerechte, zukunftsf\u00e4hige und lebenswerte Stadt zu gestalten.<br><br>Kontakt: gabriel.tessmer@or-durlach.karlsruhe.de<\/td><\/tr><\/tbody><\/table><\/figure>\n","protected":false},"excerpt":{"rendered":"<p>&nbsp; Dr.&nbsp; rer. pol. Sonja Klingert, Mitglied Ausschuss f\u00fcr Planung, Bauwesen, UmweltGeboren 1967, verheiratet, 3 erwachsene Kinder. Seit 2010 an der Uni Mannheim (Wirtschaftsinformatik,Schwerpunkt Energie). Ehrenamtlich fr\u00fcher bei terre des&#8230; <\/p>\n","protected":false},"author":2,"featured_media":0,"parent":2,"menu_order":0,"comment_status":"closed","ping_status":"closed","template":"","meta":{"footnotes":""},"class_list":["post-105","page","type-page","status-publish","hentry"],"_links":{"self":[{"href":"https:\/\/www.gruene-durlach.de\/index.php?rest_route=\/wp\/v2\/pages\/105","targetHints":{"allow":["GET"]}}],"collection":[{"href":"https:\/\/www.gruene-durlach.de\/index.php?rest_route=\/wp\/v2\/pages"}],"about":[{"href":"https:\/\/www.gruene-durlach.de\/index.php?rest_route=\/wp\/v2\/types\/page"}],"author":[{"embeddable":true,"href":"https:\/\/www.gruene-durlach.de\/index.php?rest_route=\/wp\/v2\/users\/2"}],"replies":[{"embeddable":true,"href":"https:\/\/www.gruene-durlach.de\/index.php?rest_route=%2Fwp%2Fv2%2Fcomments&post=105"}],"version-history":[{"count":78,"href":"https:\/\/www.gruene-durlach.de\/index.php?rest_route=\/wp\/v2\/pages\/105\/revisions"}],"predecessor-version":[{"id":2516,"href":"https:\/\/www.gruene-durlach.de\/index.php?rest_route=\/wp\/v2\/pages\/105\/revisions\/2516"}],"up":[{"embeddable":true,"href":"https:\/\/www.gruene-durlach.de\/index.php?rest_route=\/wp\/v2\/pages\/2"}],"wp:attachment":[{"href":"https:\/\/www.gruene-durlach.de\/index.php?rest_route=%2Fwp%2Fv2%2Fmedia&parent=105"}],"curies":[{"name":"wp","href":"https:\/\/api.w.org\/{rel}","templated":true}]}}